nd 20.
10
Suppose 4*b - 24 = 3*b - n, -2*n - 28 = -2*b. What is the highest common factor of 171 and b?
19
Let f(v) = 4*v**2 - 2*v - 1. Let h be f(-7). What is the greatest common divisor of 19 and h?
19
Let d = 2 - -34. What is the greatest common factor of d and 18?
18
Let c be (-1191)/(-9) - (-2)/(-6). Calculate the greatest common divisor of 12 and c.
12
Suppose 22 = -4*x + 30. What is the highest common factor of x and 22?
2
Let q(s) = -1. Let v(o) = 5*o**2 - 2*o - 6. Let t(i) = -5*q(i) + v(i). Let h be t(-3). Calculate the greatest common factor of 20 and h.
10
Let k(b) = b**3 - 5*b**2 + 6*b - 16. Let y be k(5). What is the highest common factor of 21 and y?
7
Let r(h) = 29*h**3 + 3*h - 2. Let m be r(1). Calculate the highest common factor of 150 and m.
30
Let h(t) = -9*t**3 - 2*t**2 - 1. Let w be h(-2). Let q(d) = 2*d**2 + 3*d. Let x be q(-3). What is the greatest common factor of w and x?
9
Let d(b) = -b + 3. Let f(n) = -2*n + 5. Let z(w) = 7*d(w) - 3*f(w). Let y be z(-6). Let s = 6 + y. What is the greatest common factor of 72 and s?
18
Suppose 3*x - 27 = -3*g, 0 = 4*g - 19 - 1. What is the greatest common factor of x and 4?
4
Let k(g) = -g - 4. Let u be k(-8). Suppose -u*a + 150 = 2*x, 2*x + x + 204 = 5*a. Let d = -32 + 45. What is the highest common factor of d and a?
13
Suppose 5*x - 4*u - 96 + 41 = 0, -3*u = -x. Let d be -1*x*64/(-20). Calculate the highest common divisor of d and 6.
6
Let o(s) = -23*s - 1. Let p be o(-2). Let q = -21 + 36. What is the greatest common divisor of p and q?
15
Let m = 1 - -7. Let n be (8/5)/(2/10). What is the highest common divisor of n and m?
8
Let x = 19 - 10. What is the highest common divisor of 1 and x?
1
Let z(i) = i**2 - 5*i - 2. Let q be z(4). Let j = q + 7. Let h(g) = g**3 + g**2 + 5. Let s be h(0). What is the greatest common factor of s and j?
1
Let y(g) = g**2 + 7*g + 4. Let k = -9 - -2. Let r be y(k). Calculate the greatest common factor of r and 16.
4
Suppose 4*k = 2*u + 142, -4*k - 4*u + 13 = -99. Let r be (-1 - -2)*(-2 - -1). Let z(p) = -11*p. Let q be z(r). What is the greatest common divisor of q and k?
11
Suppose 0 = 2*r + 7 - 17. Suppose -5 = r*l + 10. Let q be l + (-6 - -3) + 26. What is the highest common divisor of 30 and q?
10
Let f(a) = a**3 + 11*a**2 + 6*a. Let g be f(-9). Let y = g - -24. What is the greatest common divisor of 12 and y?
12
Suppose g - 3*g = -238. Let k be g/4 + 2/8. Let c = k + -16. What is the greatest common divisor of 7 and c?
7
Suppose 108 = -s - s. Let p be ((-10)/(-6) - 3)*s. Calculate the highest common divisor of p and 8.
8
Let g be (1 - -428) + (0 - 2). Let x = g + -251. Suppose 2*l - 2*r = 42, 3*l = 4*r + 49 + 19. What is the greatest common divisor of l and x?
16
Let z = 1 + 2. Suppose -2*q = z*w - 3*q - 211, 5*q - 256 = -4*w. Suppose 43 + w = 2*b. Calculate the greatest common divisor of b and 14.
14
Let c(u) = -u**3 + 2*u**2 + u + 4. Let x(a) = -a**3 + 6*a**2 - 6*a - 1. Let k be x(5). Let m be c(k). What is the greatest common divisor of m and 26?
26
Let f be 34/(-4)*-18 + 0. Calculate the highest common divisor of f and 17.
17
Let n(s) = -62*s + 2. Let y be n(-2). What is the highest common divisor of 14 and y?
14
Let n be 6486/30 - 2/10. Suppose -201 = -2*h + 5*k, 5*h - 214 = -2*k + n. What is the greatest common divisor of 11 and h?
11
Let w = 5 - 3. Suppose 0 = -3*t + 4*d + 18, -2*t + 0 = 3*d + 5. Calculate the highest common divisor of t and w.
2
Suppose 5*x - 2*q + 6*q - 8 = 0, -q + 9 = 3*x. What is the greatest common factor of x and 8?
4
Let s(h) = 2*h**2 + 2*h - 2. Let z(r) = 3*r**2 - 2*r + 1. Let o be z(1). Let j be s(o). Let w = -29 - -44. Calculate the greatest common divisor of w and j.
5
Suppose 0*b = 2*b. Suppose -2*g + b = 3*l - 20, 4*g - 68 = l. What is the highest common divisor of g and 112?
16
Let v = -5 + 5. Let k = 47 - 101. Let i be (k + v)*8/(-6). Calculate the highest common divisor of 8 and i.
8
Let f(a) be the first derivative of a**2/2 + 7*a - 2. Let s be f(-6). What is the greatest common factor of s and 11?
1
Let v = 111 + -75. Calculate the greatest common divisor of v and 24.
12
Let y(i) = i**2 + 7*i + 5. Let f be y(-6). Let v be 2 + f + 3 - -21. Calculate the highest common factor of 5 and v.
5
Let h(a) = -a**3 - 4*a**2 - 4*a + 1. Let r be h(-3). Suppose -v + 4 + 2 = 0. What is the highest common divisor of v and r?
2
Let g be (-2)/12 - (-91)/42. Suppose n = -g*n + 72. Suppose -52 - 68 = -2*f. Calculate the greatest common factor of f and n.
12
Let u = 13 + 183. Calculate the greatest common factor of u and 28.
28
Suppose -65 = -3*m + x, 4*x = m - 3*m + 20. What is the highest common factor of m and 10?
10
Let s be (-15)/(-12) - 3/(-4). Suppose 2*f - 2*j + 3*j + s = 0, 5*f + 7 = -3*j. Calculate the highest common factor of 5 and f.
1
Let l = -1 - -3. Suppose -2*i + 2 + 6 = 0. Suppose -y - f + 32 = l*y, i*y - 41 = -f. Calculate the highest common factor of y and 99.
9
Suppose -3*i + 2 = -2*i. Let x be (14 - 7) + (0 - i). What is the highest common divisor of 15 and x?
5
Suppose -7*f + 168 = -f. What is the highest common factor of f and 7?
7
Let o = -15 - -19. Calculate the greatest common factor of 6 and o.
2
Let d be 2/1*75/30. Suppose 4*a + 14 = 5*a - d*n, -28 = -2*a - 3*n. Calculate the greatest common divisor of 14 and a.
14
Let n(r) be the third derivative of -r**4/12 - 4*r**3 + 9*r**2. Let i be n(-14). Let k be 26/7 + (-2)/(-7). What is the greatest common divisor of i and k?
4
Suppose 0 = -4*k + 2*k + 78. Calculate the greatest common factor of k and 13.
13
Let b(l) = -9*l + 3. Let x be b(-3). What is the greatest common divisor of 6 and x?
6
Suppose 180 = 50*h - 41*h. What is the greatest common divisor of h and 10?
10
Let t = 6 + -4. Suppose -l + 5*b - 12 = 0, -l - 4 = -3*b - t. Let a(r) = 7*r**3 - 3*r + 2. Let g be a(2). What is the highest common divisor of l and g?
13
Suppose 2*v + 2 = 5*v + 4*t, 5*v + 3*t - 7 = 0. Let p = 1 + v. Suppose q = 3*q + p*a - 61, 2*q - 3*a = 67. What is the highest common factor of q and 4?
4
Let y(w) = -2*w**3 - 5*w - 5. Let c be y(-7). Suppose -t - 287 = -2*p, -3*t + 2*t - c = -5*p. Let z = 5 - -8. What is the greatest common factor of p and z?
13
Suppose c - 6*c = -45. Let q be 10/45 - (-169)/c. What is the highest common factor of 152 and q?
19
Suppose 5*x = -6*x + 33. Calculate the greatest common divisor of x and 3.
3
Let u(y) = y + 7. Let z be u(-3). Suppose -h + 1 + z = 0. What is the highest common factor of 50 and h?
5
Suppose -16*k + 13*k = -90. What is the greatest common divisor of 6 and k?
6
Let u(c) = -c - 1. Let g be u(-3). Suppose 0 = 5*i + g*l - 6*l - 88, -l - 37 = -2*i. Calculate the highest common factor of 80 and i.
20
Suppose 0 = -3*y + 4*y - 32. Calculate the greatest common factor of y and 288.
32
Suppose -4*h = 5*n - 78, 5*h + 3*n + 0*n - 104 = 0. What is the greatest common factor of 88 and h?
22
Let c = -3 - -8. Suppose 0 = 3*m - c*m. Suppose -2*z + m = -96. What is the greatest common factor of 6 and z?
6
Let w be 1/3 - 670/(-6). Let v = -21 + w. What is the greatest common divisor of v and 13?
13
Let k(l) = l**3 + 6*l**2 - 10*l + 1. Let w be (-14 - -5) + (2 - 0). Let v be k(w). What is the highest common factor of 11 and v?
11
Let n be 9 - -2*12/(-8). What is the highest common factor of n and 42?
6
Let w(d) = -9*d - 2. Let u be w(-3). Suppose 5*k = 5*b - 2*b - u, -2*k = -5*b + 29. Suppose -m = -b*m + 88. Calculate the greatest common factor of 110 and m.
22
Let t(n) = -n**3 + 2*n**2 - n. Suppose 2*o - 4 + 0 = 0. Let l be t(o). Let g be (10/l)/((-1)/12). Calculate the highest common factor of g and 12.
12
Suppose z + z + 137 = 5*n, z = 4. Calculate the greatest common divisor of 232 and n.
29
Suppose -14 = 5*f - 44. Suppose u + 24 = 4*d, -6*u + 2*u + 18 = 3*d. Suppose -3*z + d = -12. What is the greatest common factor of f and z?
6
Suppose -g = -2*g + 5*l + 5, -g - 2*l + 5 = 0. Let h = -43 - -45. What is the greatest common divisor of g and h?
1
Suppose 4*u = -4*d + 14 + 22, 4*d - 21 = -u. Suppose -4*g + 10 + 1 = n, -4*g = u*n - 7. Calculate the greatest common divisor of 1 and g.
1
Suppose -2*w + 60 = 4*y, 65 = 6*w - 2*w - 3*y. Suppose 0 = 2*p - 16 - w. Calculate the greatest common factor of 45 and p.
9
Let q be ((-1)/2)/(1/2). Let a(z)